4303?
False
Does 21 divide 673092?
True
Is 25812 a multiple of 54?
True
Is 10 a factor of 477530?
True
Does 454 divide 7544118?
True
Does 77 divide 5487395?
False
Does 58 divide 141810?
True
Is 1711 a multiple of 4?
False
Is 98142 a multiple of 5?
False
Is 329700 a multiple of 314?
True
Is 337134 a multiple of 135?
False
Is 1233 a factor of 3332799?
True
Does 4 divide 3560666?
False
Is 2223600 a multiple of 15?
True
Does 5 divide 3925470?
True
Is 410268 a multiple of 179?
True
Does 89 divide 286454?
False
Is 13 a factor of 535262?
True
Is 18 a factor of 10566?
True
Does 16 divide 526754?
False
Does 11 divide 6105975?
False
Does 4 divide 134515?
False
Is 221 a factor of 23205?
True
Is 311 a factor of 268704?
True
Is 177943 a multiple of 26?
False
Is 3632129 a multiple of 33?
False
Is 23 a factor of 280201?
False
Is 27 a factor of 274941?
True
Is 72790 a multiple of 10?
True
Does 41 divide 3035107?
True
Does 21 divide 125127?
False
Is 583072 a multiple of 14?
True
Is 14 a factor of 2603258?
True
Is 46 a factor of 1237234?
False
Is 229099 a multiple of 4?
False
Does 14 divide 7470106?
True
Is 5 a factor of 267830?
True
Is 13 a factor of 7537686?
True
Is 19 a factor of 6250316?
True
Does 145 divide 418035?
True
Does 377 divide 3309318?
False
Is 321 a factor of 1825527?
True
Does 86 divide 216328?
False
Is 11 a factor of 108383?
True
Is 1316538 a multiple of 591?
False
Is 1925015 a multiple of 32?
False
Does 43 divide 181911?
False
Is 52 a factor of 194428?
True
Does 50 divide 1284102?
False
Does 126 divide 82656?
True
Is 28 a factor of 223384?
True
Is 10 a factor of 990080?
True
Does 18 divide 403077?
False
Is 6048 a multiple of 112?
True
Is 89 a factor of 5819050?
False
Is 7456358 a multiple of 7?
True
Does 2 divide 1191176?
True
Is 9214359 a multiple of 113?
True
Is 586240 a multiple of 256?
True
Is 2882082 a multiple of 21?
True
Is 147959 a multiple of 161?
True
Does 98 divide 3414614?
True
Is 3326300 a multiple of 620?
True
Does 125 divide 147649?
False
Is 77679 a multiple of 567?
True
Is 3754485 a multiple of 315?
True
Is 3 a factor of 402318?
True
Is 8 a factor of 408972?
False
Is 239 a factor of 236610?
True
Is 88 a factor of 993256?
True
Does 19 divide 3936762?
True
Is 153053 a multiple of 22?
False
Is 15 a factor of 205125?
True
Is 32 a factor of 10642489?
False
Is 595680 a multiple of 122?
False
Is 215280 a multiple of 230?
True
Does 7 divide 39896?
False
Does 11 divide 46893?
True
Is 156 a factor of 399984?
True
Is 100602 a multiple of 23?
True
Is 368700 a multiple of 36?
False
Is 15990 a multiple of 195?
True
Is 13932 a multiple of 3?
True
Is 1808202 a multiple of 11?
True
Is 3 a factor of 458093?
False
Is 344980 a multiple of 18?
False
Is 19 a factor of 1592194?
False
Does 234 divide 2498846?
False
Is 325 a factor of 2278336?
False
Does 44 divide 5521516?
True
Is 15 a factor of 568616?
False
Is 342359 a multiple of 3?
False
Is 20130 a multiple of 11?
True
Is 73 a factor of 2219683?
False
Is 7 a factor of 3239159?
True
Does 283 divide 213948?
True
Does 37 divide 15466?
True
Is 102500 a multiple of 10?
True
Does 293 divide 3923856?
True
Does 191 divide 198449?
True
Does 18 divide 125591?
False
Is 4 a factor of 6848?
True
Does 29 divide 1739536?
True
Does 14 divide 145300?
False
Does 80 divide 195187?
False
Is 524382 a multiple of 151?
False
Is 342984 a multiple of 191?
False
Is 7 a factor of 59577?
True
Is 422344 a multiple of 485?
False
Is 995667 a multiple of 96?
False
Does 692 divide 973644?
True
Is 177008 a multiple of 299?
True
Does 8 divide 92454?
False
Is 190 a factor of 193040?
True
Is 3 a factor of 43542?
True
Is 311526 a multiple of 23?
False
Is 39363 a multiple of 3?
True
Is 578081 a multiple of 10?
False
Is 181 a factor of 140637?
True
Is 365690 a multiple of 194?
True
Does 197 divide 2666682?
False
Is 5 a factor of 80960?
True
Is 2580 a multiple of 215?
True
Is 4521583 a multiple of 284?
False
Is 96534 a multiple of 519?
True
Is 179545 a multiple of 19?
False
Does 121 divide 9309251?
False
Is 29 a factor of 106169?
True
Is 179304 a multiple of 232?
False
Is 64119 a multiple of 206?
False
Does 31 divide 433039?
True
Is 693 a factor of 933471?
True
Does 9 divide 104139?
True
Does 2 divide 94911?
False
Does 11 divide 70037?
True
Is 44 a factor of 153692?
True
Is 195181 a multiple of 273?
False
Is 7 a factor of 252291?
False
Is 593750 a multiple of 38?
True
Does 159 divide 151845?
True
Is 125 a factor of 2016750?
True
Is 30 a factor of 1869430?
False
Is 26924752 a multiple of 14?
False
Does 265 divide 363791?
False
Is 36 a factor of 929808?
True
Is 263 a factor of 3462921?
True
Is 407 a factor of 1453804?
True
Is 24 a factor of 2074686?
False
Is 97453 a multiple of 38?
False
Does 46 divide 6568202?
True
Is 71212 a multiple of 620?
False
Is 88 a factor of 1451208?
True
Does 20 divide 550605?
False
Does 24 divide 528750?
False
Is 3 a factor of 2473?
False
Is 2753720 a multiple of 344?
True
Is 1041838 a multiple of 14?
True
Does 96 divide 7422257?
False
Does 104 divide 10555239?
False
Does 13 divide 252465?
False
Is 998166 a multiple of 39?
True
Is 607527 a multiple of 126?
False
Does 6 divide 23838?
True
Is 21 a factor of 168378?
True
Does 55 divide 3062790?
False
Is 3051561 a multiple of 104?
False
Is 27 a factor of 14041?
False
Is 85 a factor of 187145?
False
Does 42 divide 3183138?
True
Is 51 a factor of 974151?
True
Is 57 a factor of 5261499?
True
Does 6 divide 103103?
False
Is 165 a factor of 237094?
False
Is 440 a factor of 221760?
True
Is 31 a factor of 1157385?
True
Is 16 a factor of 171695?
False
Does 313 divide 446338?
True
Does 2516 divide 14520172?
False
Is 3840222 a multiple of 202?
True
Is 235 a factor of 6580?
True
Is 392 a factor of 124674?
False
Does 46 divide 73268?
False
Does 11 divide 18565?
False
Is 212273 a multiple of 112?
False
Is 957580 a multiple of 754?
True
Is 114 a factor of 90402?
True
Does 38 divide 1164660?
False
Does 315 divide 2070863?
False
Is 50 a factor of 1954350?
True
Is 498435 a multiple of 105?
True
Is 41331 a multiple of 5?
False
Is 22 a factor of 200865?
False
Is 14 a factor of 633628?
False
Does 3 divide 489?
True
Is 45 a factor of 3614490?
True
Is 32 a factor of 321159?
False
Is 11 a factor of 6098125?
True
Does 18 divide 638139?
False
Is 228793 a multiple of 285?
False
Is 184193 a multiple of 13?
False
Is 54536 a multiple of 17?
True
Does 225 divide 245025?
True
Is 13 a factor of 13758433?
True
Does 98 divide 2107207?
False
Is 30 a factor of 637170?
True
Does 15 divide 7282425?
True
Does 7 divide 9275?
True
Is 3927584 a multiple of 54?
False
Is 359 a factor of 2864820?
True
Is 2769120 a multiple of 30?
True
Is 716941 a multiple of 666?
False
Does 465 divide 26477?
False
Does 9 divide 464316?
False
Is 4462755 a multiple of 344?
False
Does 4 divide 859319?
False
Is 463553 a multiple of 457?
False
Does 289 divide 21386?
True
Is 233 a factor of 340856?
False
Does 18 divide 11692934?
False
Is 38 a factor of 8360?
True
Is 572649 a multiple of 2479?
True
Does 30 divide 124980?
True
Is 148733 a multiple of 13?
True
Is 12 a factor of 7219764?
True
Is 32 a factor of 1532672?
True
Is 971990 a multiple of 370?
True
Is 9 a factor of 175023?
True
Does 21 divide 188475?
True
Is 189900 a multiple of 18?
True
Does 5 divide 747031?
False
Does 9 divide 427599?
True
Is 4 a factor of 55880?
True
Is 228 a factor of 16188?
True
Does 45 divide 12847315?
False
Does 57 divide 91770?
True
Does 52 divide 871000?
True
Is 1783759 a multiple of 317?
True
Does 420 divide 2518188?
False
Does 14 divide 2410457?
False
Does 5 divide 15738?
False
Does 8 divide 2222696?
True
Is 32 a factor of 161413?
False
Does 30 divide 45120?
True
Does 42 divide 240828?
True
Does 17 divide 5128407?
True
Does 11 divide 9844363?
False
Is 168 a factor of 1319292?
False
Is 22 a factor of 59224?
True
Is 52671 even?
False
Does 67 divide 1999243?
False
Is 341 a factor of 2639357?
False
Does 64 divide 106371?
False
Is 246939 a multiple of 21?
True
Is 73 a factor of 280837?
False
Is 94 a factor of 4477596?
True
Does 13 divide 8303282?
True
Is 4 a factor of 284686?
False
Is 28 a factor of 48503?
False
Is 157754 a multiple of 193?
False
Is 9 a factor of 1287576?
True
Is 16933 a multiple of 2?
False
Does 20 divide 96300?
True
Does 76 divide 21